r when 4106757 is divided by 5688.
21
What is the remainder when 2567203 is divided by 3108?
3103
What is the remainder when 279565 is divided by 290?
5
Calculate the remainder when 86342 is divided by 3208.
2934
What is the remainder when 605123 is divided by 4232?
4179
Calculate the remainder when 188421 is divided by 12547.
216
What is the remainder when 5021377 is divided by 54577?
293
Calculate the remainder when 213379 is divided by 10154.
145
What is the remainder when 2017387 is divided by 541?
539
What is the remainder when 98366971 is divided by 128?
123
Calculate the remainder when 3484958 is divided by 62.
0
What is the remainder when 27591590 is divided by 261?
236
What is the remainder when 4085670 is divided by 132?
6
What is the remainder when 3054 is divided by 1681?
1373
What is the remainder when 53373503 is divided by 79?
76
What is the remainder when 68888 is divided by 13746?
158
Calculate the remainder when 25826 is divided by 599.
69
What is the remainder when 30414 is divided by 220?
54
What is the remainder when 2907323 is divided by 556?
555
What is the remainder when 49397802 is divided by 48?
42
What is the remainder when 2120434 is divided by 3419?
654
What is the remainder when 3004220 is divided by 2041?
1909
Calculate the remainder when 8146734 is divided by 208.
206
What is the remainder when 193220 is divided by 13641?
2246
What is the remainder when 476976 is divided by 4503?
4161
Calculate the remainder when 21383570 is divided by 1033.
470
What is the remainder when 8387460 is divided by 1397908?
12
Calculate the remainder when 18494317 is divided by 935.
17
Calculate the remainder when 54152908 is divided by 191.
15
Calculate the remainder when 314059 is divided by 169.
57
Calculate the remainder when 19772270 is divided by 72.
62
What is the remainder when 49870 is divided by 24747?
376
What is the remainder when 7681 is divided by 2477?
250
Calculate the remainder when 391428045 is divided by 129.
120
Calculate the remainder when 38704643 is divided by 4561.
4558
What is the remainder when 136962219 is divided by 13?
4
What is the remainder when 77940 is divided by 5647?
4529
Calculate the remainder when 212038 is divided by 18866.
4512
What is the remainder when 12713946 is divided by 27?
24
What is the remainder when 108751 is divided by 7543?
3149
What is the remainder when 801895 is divided by 267260?
115
What is the remainder when 5693781 is divided by 99?
93
Calculate the remainder when 2914181 is divided by 235.
181
What is the remainder when 5988901 is divided by 468?
373
Calculate the remainder when 579176 is divided by 225.
26
What is the remainder when 32806 is divided by 32505?
301
Calculate the remainder when 82854 is divided by 2023.
1934
Calculate the remainder when 11639137 is divided by 266.
41
What is the remainder when 121559483 is divided by 9146?
9143
What is the remainder when 41412725 is divided by 8282532?
65
Calculate the remainder when 82167765 is divided by 2934563.
1
What is the remainder when 233153 is divided by 33303?
32
Calculate the remainder when 15362251 is divided by 2781.
7
Calculate the remainder when 951410 is divided by 4805.
20
What is the remainder when 187231744 is divided by 23403968?
0
Calculate the remainder when 38119 is divided by 7714.
7263
What is the remainder when 26697012 is divided by 16780?
32
Calculate the remainder when 114032 is divided by 18998.
44
Calculate the remainder when 3120427 is divided by 3514.
3509
What is the remainder when 12803244 is divided by 336?
300
Calculate the remainder when 51725691 is divided by 2069027.
16
Calculate the remainder when 825058 is divided by 2044.
1326
Calculate the remainder when 21629193 is divided by 10814594.
5
What is the remainder when 6448294 is divided by 1432?
1430
Calculate the remainder when 4026833 is divided by 14.
13
Calculate the remainder when 28584271 is divided by 75.
46
Calculate the remainder when 2401703 is divided by 3103.
3084
What is the remainder when 36356472 is divided by 53?
9
Calculate the remainder when 1451211 is divided by 100.
11
What is the remainder when 643923 is divided by 5308?
1655
Calculate the remainder when 527815 is divided by 43983.
19
What is the remainder when 22677701 is divided by 15?
11
What is the remainder when 10379934 is divided by 4354?
4352
Calculate the remainder when 179181 is divided by 10537.
52
Calculate the remainder when 24704863 is divided by 103.
4
What is the remainder when 29387 is divided by 2421?
335
Calculate the remainder when 3761642 is divided by 18.
2
What is the remainder when 2392592 is divided by 31481?
36
Calculate the remainder when 6944335 is divided by 595.
90
What is the remainder when 312544554 is divided by 117?
114
What is the remainder when 12300 is divided by 120?
60
Calculate the remainder when 81931 is divided by 40494.
943
What is the remainder when 314482 is divided by 157207?
68
Calculate the remainder when 1450635 is divided by 145004.
595
What is the remainder when 2884761 is divided by 402?
9
What is the remainder when 10541411 is divided by 3513796?
23
What is the remainder when 1136232 is divided by 51642?
108
What is the remainder when 1372529 is divided by 2012?
345
Calculate the remainder when 88738 is divided by 292.
262
Calculate the remainder when 143633 is divided by 6832.
161
What is the remainder when 818992 is divided by 1310?
242
Calculate the remainder when 179649334 is divided by 6936.
6934
Calculate the remainder when 158845 is divided by 198.
49
Calculate the remainder when 10133 is divided by 1237.
237
What is the remainder when 1857826 is divided by 29?
28
What is the remainder when 2300590 is divided by 287?
285
Calculate the remainder when 2126860 is divided by 531708.
28
What is the remainder when 11813118 is divided by 267?
237
Calculate the remainder when 904283036 is divided by 21.
20
What is the remainder when 15370707 is divided by 229?
227
What is the remainder when 5024802 is divided by 275?
2
Calculate the remainder when 591623890 is divided by 139.
136
What is the remainder when 59601392 is divided by 1127?
1124
What is the remainder when 212105224 is divided by 2617?
2608
Calculate the remainder when 15531791 is divided by 16.
15
Calculate the remainder when 15646270 is divided by 5215367.
169
Calculate the remainder when 1710124 is divided by 100591.
77
Calculate the remainder when 20846338 is divided by 11646.
11644
What is the remainder when 118096 is divided by 23?
14
What is the remainder when 309806 is divided by 181?
115
What is the remainder when 10592489 is divided by 426?
425
Calculate the remainder when 592114 is divided by 1682.
50
What is the remainder when 32020978 is divided by 5?
3
What is the remainder when 35865 is divided by 3394?
1925
Calculate the remainder when 2034494 is divided by 101724.
14
What is the remainder when 56129 is divided by 20?
9
Calculate the remainder when 46731 is divided by 853.
669
Calculate the remainder when 13747372 is divided by 1249748.
144
Calculate the remainder when 72374 is divided by 2469.
773
What is the remainder when 14205540 is divided by 3147?
3129
Calculate the remainder when 142784 is divided by 70975.
834
Calculate the remainder when 91541140 is divided by 115.
105
Calculate the remainder when 327452 is divided by 679.
174
What is the remainder when 78636 is divided by 78525?
111
Calculate the remainder when 10072 is divided by 9326.
746
Calculate the remainder when 298818 is divided by 37342.
82
Calculate the remainder when 449535 is divided by 938.
233
What is the remainder when 36832504 is divided by 796?
788
Calculate the remainder when 4543736 is divided by 697.
690
What is the remainder when 846692 is divided by 423276?
140
What is the remainder when 558612 is divided by 278795?
1022
Calculate the remainder when 63745 is divided by 6241.
1335
Calculate the remainder when 18040496 is divided by 1055.
1051
Calculate the remainder when 251442 is divided by 12.
6
What is the remainder when 83274 is divided by 1894?
1832
What is the remainder when 2749982 is divided by 45833?
2
What is the remainder when 10323453 is divided by 28?
21
What is the remainder when 107270 is divided by 553?
541
Calculate the remainder when 